es 412 divide 31371328?
True
Is 68 a factor of 96840500?
True
Is 183 a factor of 4913394?
False
Is 65561731 a multiple of 17?
False
Is 108 a factor of 6350552752?
False
Is 1585 a factor of 281425098?
False
Does 810 divide 126938340?
True
Is 11776564 a multiple of 261?
False
Is 503469239 a multiple of 23?
False
Is 12 a factor of 21305748?
True
Does 16 divide 491893016?
False
Does 598 divide 243106777?
False
Does 5009 divide 626333084?
False
Is 961 a factor of 1184913?
True
Is 8 a factor of 90339104?
True
Is 7312 a factor of 4065274576?
True
Is 13793945 a multiple of 194?
False
Is 124015649 a multiple of 4926?
False
Does 7 divide 8487465?
True
Is 6270372 a multiple of 277?
False
Is 152 a factor of 344395235?
False
Is 41220121 a multiple of 54?
False
Is 10 a factor of 49752469?
False
Is 1370 a factor of 41585772?
False
Does 263 divide 128593587?
True
Is 25 a factor of 117745582?
False
Is 43 a factor of 1465350806?
False
Is 689 a factor of 99911846?
False
Is 1742 a factor of 161749926?
True
Is 468345560 a multiple of 8?
True
Is 964 a factor of 2676141289?
False
Is 201 a factor of 59470062?
False
Is 561038392 a multiple of 28?
False
Is 56 a factor of 41532182?
False
Does 14 divide 208315436?
True
Is 636701153 a multiple of 1331?
True
Does 84 divide 49490952?
True
Is 1114 a factor of 2083236?
False
Is 471841668 a multiple of 52?
False
Is 401953090 a multiple of 5575?
False
Does 104 divide 48376328?
True
Is 172861935 a multiple of 645?
True
Does 85 divide 606190930?
True
Does 24 divide 174138384?
True
Is 28552251 a multiple of 469?
True
Is 29 a factor of 57797899?
True
Does 88 divide 399998720?
True
Does 1500 divide 96387000?
True
Is 470869812 a multiple of 882?
True
Is 600022770 a multiple of 730?
True
Is 1107 a factor of 730165023?
True
Is 30 a factor of 177045377?
False
Is 94906330 a multiple of 5?
True
Is 55 a factor of 83464643?
False
Does 470 divide 57139791?
False
Is 60908444 a multiple of 20?
False
Is 1044 a factor of 86164171?
False
Is 7176007 a multiple of 4?
False
Does 1261 divide 1584924000?
False
Is 96048916 a multiple of 1172?
True
Does 1631 divide 19231121?
True
Does 103 divide 1053598845?
True
Is 6 a factor of 9975601?
False
Does 12 divide 29380176?
True
Does 29 divide 268475968?
True
Does 16 divide 618399278?
False
Does 20 divide 4934500?
True
Is 403 a factor of 1567712058?
False
Is 1634 a factor of 10617845?
False
Is 398512754 a multiple of 10?
False
Is 2156 a factor of 12043580?
False
Is 1198 a factor of 691220694?
False
Is 4391 a factor of 1205893345?
False
Is 5093235693 a multiple of 5720?
False
Is 14 a factor of 73963694?
True
Is 5754525 a multiple of 525?
True
Is 61 a factor of 258102163?
True
Does 22 divide 383551124?
True
Does 39 divide 168117885?
True
Is 2196164142 a multiple of 493?
True
Does 105 divide 923790?
True
Is 213632346 a multiple of 17?
False
Does 97 divide 12866274?
True
Is 7 a factor of 95300590?
True
Is 329 a factor of 215898354?
True
Is 378 a factor of 1285042192?
False
Does 17 divide 3964823944?
False
Does 20 divide 13211500?
True
Does 10537 divide 522129424?
True
Does 50 divide 118721090?
False
Does 304 divide 15476944?
True
Is 6980540 a multiple of 14?
True
Is 6413 a factor of 702871933?
False
Is 1487928 even?
True
Is 22332434 a multiple of 1456?
False
Does 105 divide 16074975?
True
Is 113 a factor of 10271700?
True
Is 213 a factor of 3970837?
False
Is 8 a factor of 45340410?
False
Is 4 a factor of 571143775?
False
Is 103869606 a multiple of 356?
False
Is 36 a factor of 2147395572?
True
Is 60 a factor of 782495424?
False
Does 5 divide 10338820?
True
Does 13 divide 77167224?
False
Is 7623350 a multiple of 947?
True
Does 19 divide 171455896?
False
Does 2391 divide 639649884?
True
Is 398385625 a multiple of 25?
True
Does 29 divide 42685390?
True
Is 274545974 a multiple of 1674?
False
Does 59 divide 169356196?
True
Is 9390877 a multiple of 585?
False
Does 361 divide 103509169?
True
Is 311382656 a multiple of 39?
False
Is 278133545 a multiple of 205?
True
Does 124 divide 830875367?
False
Is 158977 a multiple of 3?
False
Is 1340653 a multiple of 90?
False
Is 96581286 a multiple of 6?
True
Does 3203 divide 74860516?
True
Does 13 divide 4486248570?
False
Is 24091731 a multiple of 5?
False
Does 4 divide 242370606?
False
Is 36259888 a multiple of 29?
False
Is 843402300 a multiple of 975?
True
Does 11 divide 680463854?
False
Is 3064802 a multiple of 170?
False
Is 353 a factor of 1370053330?
False
Is 141 a factor of 51841188?
True
Is 81861370 a multiple of 314?
True
Does 298 divide 14681566?
True
Is 273 a factor of 281939931?
True
Is 601805108 a multiple of 17?
False
Is 670 a factor of 36933172?
False
Does 516 divide 179029702?
False
Does 5 divide 275333230?
True
Is 1014204495 a multiple of 8159?
True
Does 83 divide 93393136?
False
Does 191 divide 503510015?
False
Is 1090 a factor of 600329340?
False
Does 22 divide 1088672670?
False
Is 9 a factor of 26286586?
False
Does 1176 divide 35463370?
False
Is 122 a factor of 205821076?
True
Is 85775431 a multiple of 1198?
False
Does 557 divide 414083269?
True
Is 5 a factor of 14283625?
True
Does 100 divide 25963800?
True
Is 60125404 a multiple of 23?
True
Is 47252810 a multiple of 268?
False
Does 55 divide 2887775?
True
Is 133839216 a multiple of 56?
True
Does 2080 divide 548613944?
False
Is 102581906 a multiple of 675?
False
Is 32 a factor of 1124859518?
False
Does 398 divide 107299606?
True
Is 25732692 a multiple of 18?
True
Is 5083644 a multiple of 652?
True
Is 6 a factor of 669709245?
False
Is 12618 a factor of 2007044316?
True
Is 157 a factor of 234440721?
True
Does 36 divide 778191480?
True
Is 174 a factor of 522471540?
True
Is 25546408 a multiple of 389?
True
Is 502 a factor of 170075930?
False
Does 903 divide 493378162?
False
Is 18 a factor of 249293698?
False
Is 98221860 a multiple of 220?
True
Is 28451139 a multiple of 1346?
False
Is 12 a factor of 79084236?
True
Is 213 a factor of 54333957?
True
Is 746020079 a multiple of 250?
False
Does 7 divide 1282911371?
True
Is 477 a factor of 1724230270?
False
Is 6 a factor of 3203087?
False
Is 2259702025 a multiple of 523?
False
Is 23953020 a multiple of 140?
True
Is 6075949936 a multiple of 14?
True
Is 996959705 a multiple of 4753?
False
Is 107138490 a multiple of 506?
False
Does 3611 divide 100260325?
False
Is 13381331 a multiple of 23?
True
Does 81 divide 38561806?
False
Does 620 divide 10141207?
False
Is 1049170245 a multiple of 64?
False
Does 8 divide 20443384?
True
Does 414 divide 301828770?
True
Does 804 divide 16989774?
False
Is 20 a factor of 1301322174?
False
Is 46215862 a multiple of 1946?
False
Is 2276397879 a multiple of 7?
True
Does 560 divide 30396800?
True
Is 58 a factor of 482817280?
False
Is 37840464 a multiple of 72?
True
Does 123 divide 48814119?
False
Is 2072564550 a multiple of 639?
True
Does 6 divide 41364960?
True
Is 4219579112 a multiple of 238?
True
Is 13 a factor of 49518365?
True
Does 4531 divide 698372092?
True
Is 62 a factor of 27522838?
False
Does 2358 divide 101943414?
True
Is 194098338 a multiple of 1173?
False
Does 32 divide 508389658?
False
Is 236826286 a multiple of 2567?
True
Is 122 a factor of 685418814?
True
Is 2437624 a multiple of 152?
True
Is 71789410 a multiple of 38?
True
Is 488425895 a multiple of 2931?
False
Is 63 a factor of 70622474?
False
Is 56 a factor of 283879960?
True
Is 118553839 a multiple of 1228?
False
Is 17746428 a multiple of 583?
False
Is 42 a factor of 19243481?
False
Does 2830 divide 164766416?
False
Is 161019410 a multiple of 905?
True
Does 5 divide 675731885?
True
Is 1595775105 a multiple of 9?
True
Is 3 a factor of 1513633565?
False
Is 89 a factor of 900221561?
True
Is 2186 a factor of 271074930?
True
Is 118 a factor of 468982268?
True
Is 132136146 a multiple of 345?
False
Is 422 a factor of 538894?
True
Is 27 a factor of 88506135?
True
Is 1992208 a multiple of 7?
False
Does 15 divide 32409138?
False
Does 235 divide 17954940?
True
Does 349 divide 8223138?
True
Is 193 a factor of 195850313?
False
Does 11 divide 41552203?
True
Does 14 divide 154871589?
False
Is 279020594 a multiple of 539?
False
Is 400 a factor of 549929380?
False
Does 156 divide 66961752?
True
Is 165471661 a multiple of 141?
False
Is 47 a factor of 6360228?
True
Is 76 a factor of 45537146?
Fa